{"id":2,"date":"2016-09-15T14:34:56","date_gmt":"2016-09-15T20:34:56","guid":{"rendered":"http:\/\/malla-rachel.net\/?page_id=2"},"modified":"2018-08-28T15:36:43","modified_gmt":"2018-08-28T21:36:43","slug":"malla-rachel-en-cultivo-la-col","status":"publish","type":"page","link":"https:\/\/malla-rachel.net\/","title":{"rendered":"MALLA RACHEL EN EL CULTIVO DE LA COL"},"content":{"rendered":"<h2 style=\"text-align: center;\">Beneficios de la malla rachel en los cultivos de la col<\/h2>\n<p>Malla rachel cuida y protege cultivos de la col<\/p>\n<p>Planta originaria de Europa, perfectamente adaptada a todos los climas de la Pen\u00ednsula y caracterizada por el gran n\u00famero de variedades a que ha dado lugar en el curso de los siglos. Las hay de hoja lisa o rizada, de color verde o morado, de primavera, verano, oto\u00f1o e invierno, etc.<\/p>\n<figure id=\"attachment_32\" aria-describedby=\"caption-attachment-32\" style=\"width: 306px\" class=\"wp-caption aligncenter\"><img loading=\"lazy\" decoding=\"async\" class=\"wp-image-32\" src=\"https:\/\/malla-rachel.net\/wp-content\/uploads\/2018\/08\/IMAG0391-289x300.jpg\" alt=\"\" width=\"306\" height=\"318\" srcset=\"https:\/\/malla-rachel.net\/wp-content\/uploads\/2018\/08\/IMAG0391-289x300.jpg 289w, https:\/\/malla-rachel.net\/wp-content\/uploads\/2018\/08\/IMAG0391-768x797.jpg 768w, https:\/\/malla-rachel.net\/wp-content\/uploads\/2018\/08\/IMAG0391-840x871.jpg 840w, https:\/\/malla-rachel.net\/wp-content\/uploads\/2018\/08\/IMAG0391.jpg 938w\" sizes=\"auto, (max-width: 306px) 100vw, 306px\" \/><figcaption id=\"caption-attachment-32\" class=\"wp-caption-text\">La malla Rachel es un excelente auxiliar para la protecci\u00f3n de los cultivos.<\/figcaption><\/figure>\n<p>No es muy exigente en cuanto a la calidad del suelo, aunque responde mejor si est\u00e1 bien estercolado y es profundo y fresco. Al igual que todas las especies de cruc\u00edferas, consume gran cantidad de nutrientes, por lo que puede esquilmar el terreno.<br \/>\nLas variedades de primavera, que se siembran en oto\u00f1o, son las m\u00e1s resistentes y r\u00fasticas, pero hay climas muy rigurosos, donde requieren alguna protecci\u00f3n (malla rachel), se desarrollan perfectamente y si tenemos instalada la malla rachel la col resistir\u00e1 los rigores invernales.<\/p>\n<p>Las variedades de invierno, aunque menos fuertes, tambi\u00e9n soportan los fr\u00edos, mientras que las de verano y oto\u00f1o son las m\u00e1s delicadas. Si tenemos malla rachel f\u00e1cilmente lograremos el cultivo.<\/p>\n<p>Aunque son resistentes y no resultan dif\u00edciles de cultivar, las coles no siempre dan los mismos resultados. Son bastante sensibles a los cambios en la climatolog\u00eda. Por lo tanto nuestro cultivo de la col estar\u00e1 protegido con malla rachel.<\/p>\n<p>La malla rachel es muy importante para la industria agr\u00edcola, debido a que tiene infinidad de ventajas. Esta malla esta elaborada con polietileno de alta densidad y dise\u00f1ada para generar sombra, pero permitiendo la entrada necesaria de luz para los cultivos.<\/p>\n<figure id=\"attachment_33\" aria-describedby=\"caption-attachment-33\" style=\"width: 374px\" class=\"wp-caption aligncenter\"><img loading=\"lazy\" decoding=\"async\" class=\"wp-image-33\" src=\"https:\/\/malla-rachel.net\/wp-content\/uploads\/2018\/08\/livestock-shade-sail-2-300x146.jpg\" alt=\"\" width=\"374\" height=\"182\" srcset=\"https:\/\/malla-rachel.net\/wp-content\/uploads\/2018\/08\/livestock-shade-sail-2-300x146.jpg 300w, https:\/\/malla-rachel.net\/wp-content\/uploads\/2018\/08\/livestock-shade-sail-2.jpg 357w\" sizes=\"auto, (max-width: 374px) 100vw, 374px\" \/><figcaption id=\"caption-attachment-33\" class=\"wp-caption-text\">La malla rachel controla y estabiliza el clima externo.<\/figcaption><\/figure>\n<p>Siembra y plantaci\u00f3n<\/p>\n<p>Las semillas se siembran en peque\u00f1o n\u00famero en surcos de 1-2 cm de profundidad. Las variedades de primavera, a finales del verano; las del verano y oto\u00f1o, en invierno, y las de invierno, en primavera. Las plantitas suelen tardar entre 5 y 10 d\u00edas en aparecer.<br \/>\nAl ser hortalizas de buen tama\u00f1o, las siembras pueden escalonarse para que la cosecha se prolongue y puedan atenderse todas las necesidades. Muchas veces se hace un repicado, sobre todo para las variedades de primavera e invierno, trasplantando las plantitas al campo cuando adquieren cierto vigor.<\/p>\n<p>La separaci\u00f3n entre los surcos suele ser de 50 a 60 cm, y la distancia entre las plantas dentro de las hileras, de 45 a 60 cm.<br \/>\nLas variedades r\u00fasticas necesitan menos abonos. No es cierto, su rusticidad se refiere a la resistencia a las condiciones climatol\u00f3gicas adversas. La falta de abonos nitrogenados produce hortalizas poco vigorosas.<\/p>\n<p>Cultivo y recolecci\u00f3n<\/p>\n<figure id=\"attachment_34\" aria-describedby=\"caption-attachment-34\" style=\"width: 391px\" class=\"wp-caption aligncenter\"><img loading=\"lazy\" decoding=\"async\" class=\"wp-image-34\" src=\"https:\/\/malla-rachel.net\/wp-content\/uploads\/2018\/08\/vivero-de-plantulas-protegidas-contra-el-sol-con-malla-sombra-OBAMALLA-300x98.jpg\" alt=\"\" width=\"391\" height=\"128\" srcset=\"https:\/\/malla-rachel.net\/wp-content\/uploads\/2018\/08\/vivero-de-plantulas-protegidas-contra-el-sol-con-malla-sombra-OBAMALLA-300x98.jpg 300w, https:\/\/malla-rachel.net\/wp-content\/uploads\/2018\/08\/vivero-de-plantulas-protegidas-contra-el-sol-con-malla-sombra-OBAMALLA.jpg 455w\" sizes=\"auto, (max-width: 391px) 100vw, 391px\" \/><figcaption id=\"caption-attachment-34\" class=\"wp-caption-text\">La malla rachel le ofrece m\u00faltiples ventajas para una buena protecci\u00f3n y un buen desarrollo de tus cultivos de col.<\/figcaption><\/figure>\n<p>Las principales labores a realizar son la eliminaci\u00f3n de las malas hierbas, sobre todo en primavera, que pueden retrasar el desarrollo de las pellas, y la aplicaci\u00f3n de abonos nitrogenados para que estas hortalizas crezcan con vigor.<\/p>\n<p>Las coles se recolectan cuando la pella es compacta, pero sin dejar que adquieran m\u00e1s tama\u00f1o, pues pueden agrietarse. Si las siembras se han hecho escalonadas, la cosecha ser\u00e1 progresiva y tendremos estas hortalizas casi todo el a\u00f1o.Posibles problemas<\/p>\n<p>Las hojas de las coles son un alimento preferido por muchas especies de insectos, pero el principal enemigo es la mariposa de la col, cuyas larvas devoran por completo las hojas.<\/p>\n<p>Una enfermedad que ataca con frecuencia estos cultivos es la hernia de la col, producida por un hongo que vive en el suelo. Se ve favorecido por las condiciones de humedad excesiva. Con estas hortalizas, la rotaci\u00f3n de cultivos es muy importante, pues permite interrumpir los ciclos vitales de muchos de sus enemigos.<\/p>\n<p><img loading=\"lazy\" decoding=\"async\" class=\" wp-image-29 aligncenter\" src=\"https:\/\/malla-rachel.net\/wp-content\/uploads\/2018\/08\/obamalla-esp-05-300x214.jpg\" alt=\"\" width=\"337\" height=\"241\" srcset=\"https:\/\/malla-rachel.net\/wp-content\/uploads\/2018\/08\/obamalla-esp-05-300x214.jpg 300w, https:\/\/malla-rachel.net\/wp-content\/uploads\/2018\/08\/obamalla-esp-05.jpg 700w\" sizes=\"auto, (max-width: 337px) 100vw, 337px\" \/><\/p>\n","protected":false},"excerpt":{"rendered":"<p>Beneficios de la malla rachel en los cultivos de la col Malla rachel cuida y protege cultivos de la col Planta originaria de Europa, perfectamente adaptada a todos los climas de la Pen\u00ednsula y caracterizada por el gran n\u00famero de variedades a que ha dado lugar en el curso de los siglos. Las hay de&hellip;<\/p>\n","protected":false},"author":1,"featured_media":0,"parent":0,"menu_order":0,"comment_status":"closed","ping_status":"open","template":"","meta":{"footnotes":""},"class_list":["post-2","page","type-page","status-publish","hentry"],"yoast_head":"<!-- This site is optimized with the Yoast SEO plugin v26.2 - https:\/\/yoast.com\/wordpress\/plugins\/seo\/ -->\n<title>MALLA RACHEL, BENEFICIOS EN EL CULTIVO DE LA COL<\/title>\n<meta name=\"description\" content=\"La malla rachel es importante para la agricultura, esta elaborada con polietileno, genera sombra pero permite el paso necesario de luz para los cultivos.\" \/>\n<meta name=\"robots\" content=\"index, follow, max-snippet:-1, max-image-preview:large, max-video-preview:-1\" \/>\n<link rel=\"canonical\" href=\"https:\/\/malla-rachel.net\/\" \/>\n<meta property=\"og:locale\" content=\"es_MX\" \/>\n<meta property=\"og:type\" content=\"article\" \/>\n<meta property=\"og:title\" content=\"MALLA RACHEL, BENEFICIOS EN EL CULTIVO DE LA COL\" \/>\n<meta property=\"og:description\" content=\"La malla rachel es importante para la agricultura, esta elaborada con polietileno, genera sombra pero permite el paso necesario de luz para los cultivos.\" \/>\n<meta property=\"og:url\" content=\"https:\/\/malla-rachel.net\/\" \/>\n<meta property=\"og:site_name\" content=\"malla Rachel\" \/>\n<meta property=\"article:modified_time\" content=\"2018-08-28T21:36:43+00:00\" \/>\n<meta property=\"og:image\" content=\"https:\/\/malla-rachel.net\/wp-content\/uploads\/2018\/08\/IMAG0391.jpg\" \/>\n\t<meta property=\"og:image:width\" content=\"938\" \/>\n\t<meta property=\"og:image:height\" content=\"973\" \/>\n\t<meta property=\"og:image:type\" content=\"image\/jpeg\" \/>\n<meta name=\"twitter:card\" content=\"summary_large_image\" \/>\n<meta name=\"twitter:label1\" content=\"Tiempo de lectura\" \/>\n\t<meta name=\"twitter:data1\" content=\"3 minutos\" \/>\n<script type=\"application\/ld+json\" class=\"yoast-schema-graph\">{\"@context\":\"https:\/\/schema.org\",\"@graph\":[{\"@type\":\"WebPage\",\"@id\":\"https:\/\/malla-rachel.net\/\",\"url\":\"https:\/\/malla-rachel.net\/\",\"name\":\"MALLA RACHEL, BENEFICIOS EN EL CULTIVO DE LA COL\",\"isPartOf\":{\"@id\":\"https:\/\/malla-rachel.net\/#website\"},\"primaryImageOfPage\":{\"@id\":\"https:\/\/malla-rachel.net\/#primaryimage\"},\"image\":{\"@id\":\"https:\/\/malla-rachel.net\/#primaryimage\"},\"thumbnailUrl\":\"https:\/\/malla-rachel.net\/wp-content\/uploads\/2018\/08\/IMAG0391-289x300.jpg\",\"datePublished\":\"2016-09-15T20:34:56+00:00\",\"dateModified\":\"2018-08-28T21:36:43+00:00\",\"description\":\"La malla rachel es importante para la agricultura, esta elaborada con polietileno, genera sombra pero permite el paso necesario de luz para los cultivos.\",\"breadcrumb\":{\"@id\":\"https:\/\/malla-rachel.net\/#breadcrumb\"},\"inLanguage\":\"es\",\"potentialAction\":[{\"@type\":\"ReadAction\",\"target\":[\"https:\/\/malla-rachel.net\/\"]}]},{\"@type\":\"ImageObject\",\"inLanguage\":\"es\",\"@id\":\"https:\/\/malla-rachel.net\/#primaryimage\",\"url\":\"https:\/\/malla-rachel.net\/wp-content\/uploads\/2018\/08\/IMAG0391.jpg\",\"contentUrl\":\"https:\/\/malla-rachel.net\/wp-content\/uploads\/2018\/08\/IMAG0391.jpg\",\"width\":938,\"height\":973},{\"@type\":\"BreadcrumbList\",\"@id\":\"https:\/\/malla-rachel.net\/#breadcrumb\",\"itemListElement\":[{\"@type\":\"ListItem\",\"position\":1,\"name\":\"Inicio\",\"item\":\"https:\/\/malla-rachel.net\/\"},{\"@type\":\"ListItem\",\"position\":2,\"name\":\"MALLA RACHEL EN EL CULTIVO DE LA COL\"}]},{\"@type\":\"WebSite\",\"@id\":\"https:\/\/malla-rachel.net\/#website\",\"url\":\"https:\/\/malla-rachel.net\/\",\"name\":\"malla Rachel\",\"description\":\"Resistente a los Rayos UV\",\"potentialAction\":[{\"@type\":\"SearchAction\",\"target\":{\"@type\":\"EntryPoint\",\"urlTemplate\":\"https:\/\/malla-rachel.net\/?s={search_term_string}\"},\"query-input\":{\"@type\":\"PropertyValueSpecification\",\"valueRequired\":true,\"valueName\":\"search_term_string\"}}],\"inLanguage\":\"es\"}]}<\/script>\n<!-- \/ Yoast SEO plugin. -->","yoast_head_json":{"title":"MALLA RACHEL, BENEFICIOS EN EL CULTIVO DE LA COL","description":"La malla rachel es importante para la agricultura, esta elaborada con polietileno, genera sombra pero permite el paso necesario de luz para los cultivos.","robots":{"index":"index","follow":"follow","max-snippet":"max-snippet:-1","max-image-preview":"max-image-preview:large","max-video-preview":"max-video-preview:-1"},"canonical":"https:\/\/malla-rachel.net\/","og_locale":"es_MX","og_type":"article","og_title":"MALLA RACHEL, BENEFICIOS EN EL CULTIVO DE LA COL","og_description":"La malla rachel es importante para la agricultura, esta elaborada con polietileno, genera sombra pero permite el paso necesario de luz para los cultivos.","og_url":"https:\/\/malla-rachel.net\/","og_site_name":"malla Rachel","article_modified_time":"2018-08-28T21:36:43+00:00","og_image":[{"width":938,"height":973,"url":"https:\/\/malla-rachel.net\/wp-content\/uploads\/2018\/08\/IMAG0391.jpg","type":"image\/jpeg"}],"twitter_card":"summary_large_image","twitter_misc":{"Tiempo de lectura":"3 minutos"},"schema":{"@context":"https:\/\/schema.org","@graph":[{"@type":"WebPage","@id":"https:\/\/malla-rachel.net\/","url":"https:\/\/malla-rachel.net\/","name":"MALLA RACHEL, BENEFICIOS EN EL CULTIVO DE LA COL","isPartOf":{"@id":"https:\/\/malla-rachel.net\/#website"},"primaryImageOfPage":{"@id":"https:\/\/malla-rachel.net\/#primaryimage"},"image":{"@id":"https:\/\/malla-rachel.net\/#primaryimage"},"thumbnailUrl":"https:\/\/malla-rachel.net\/wp-content\/uploads\/2018\/08\/IMAG0391-289x300.jpg","datePublished":"2016-09-15T20:34:56+00:00","dateModified":"2018-08-28T21:36:43+00:00","description":"La malla rachel es importante para la agricultura, esta elaborada con polietileno, genera sombra pero permite el paso necesario de luz para los cultivos.","breadcrumb":{"@id":"https:\/\/malla-rachel.net\/#breadcrumb"},"inLanguage":"es","potentialAction":[{"@type":"ReadAction","target":["https:\/\/malla-rachel.net\/"]}]},{"@type":"ImageObject","inLanguage":"es","@id":"https:\/\/malla-rachel.net\/#primaryimage","url":"https:\/\/malla-rachel.net\/wp-content\/uploads\/2018\/08\/IMAG0391.jpg","contentUrl":"https:\/\/malla-rachel.net\/wp-content\/uploads\/2018\/08\/IMAG0391.jpg","width":938,"height":973},{"@type":"BreadcrumbList","@id":"https:\/\/malla-rachel.net\/#breadcrumb","itemListElement":[{"@type":"ListItem","position":1,"name":"Inicio","item":"https:\/\/malla-rachel.net\/"},{"@type":"ListItem","position":2,"name":"MALLA RACHEL EN EL CULTIVO DE LA COL"}]},{"@type":"WebSite","@id":"https:\/\/malla-rachel.net\/#website","url":"https:\/\/malla-rachel.net\/","name":"malla Rachel","description":"Resistente a los Rayos UV","potentialAction":[{"@type":"SearchAction","target":{"@type":"EntryPoint","urlTemplate":"https:\/\/malla-rachel.net\/?s={search_term_string}"},"query-input":{"@type":"PropertyValueSpecification","valueRequired":true,"valueName":"search_term_string"}}],"inLanguage":"es"}]}},"_links":{"self":[{"href":"https:\/\/malla-rachel.net\/index.php\/wp-json\/wp\/v2\/pages\/2","targetHints":{"allow":["GET"]}}],"collection":[{"href":"https:\/\/malla-rachel.net\/index.php\/wp-json\/wp\/v2\/pages"}],"about":[{"href":"https:\/\/malla-rachel.net\/index.php\/wp-json\/wp\/v2\/types\/page"}],"author":[{"embeddable":true,"href":"https:\/\/malla-rachel.net\/index.php\/wp-json\/wp\/v2\/users\/1"}],"replies":[{"embeddable":true,"href":"https:\/\/malla-rachel.net\/index.php\/wp-json\/wp\/v2\/comments?post=2"}],"version-history":[{"count":6,"href":"https:\/\/malla-rachel.net\/index.php\/wp-json\/wp\/v2\/pages\/2\/revisions"}],"predecessor-version":[{"id":36,"href":"https:\/\/malla-rachel.net\/index.php\/wp-json\/wp\/v2\/pages\/2\/revisions\/36"}],"wp:attachment":[{"href":"https:\/\/malla-rachel.net\/index.php\/wp-json\/wp\/v2\/media?parent=2"}],"curies":[{"name":"wp","href":"https:\/\/api.w.org\/{rel}","templated":true}]}}